hat is the highest common factor of 78 and 2925?
39
Calculate the greatest common divisor of 297 and 396.
99
Calculate the greatest common divisor of 876 and 73.
73
Calculate the highest common divisor of 22585 and 5.
5
What is the greatest common divisor of 70 and 2170?
70
What is the highest common divisor of 58707 and 33?
33
What is the highest common factor of 1725 and 552?
69
Calculate the greatest common divisor of 22 and 3729.
11
Calculate the greatest common divisor of 6 and 1182.
6
Calculate the highest common divisor of 740 and 160.
20
Calculate the highest common factor of 87 and 16704.
87
What is the highest common factor of 25 and 405?
5
What is the greatest common divisor of 25 and 5380?
5
Calculate the highest common divisor of 63 and 621.
9
Calculate the greatest common factor of 1712 and 4922.
214
What is the highest common divisor of 425 and 170?
85
What is the greatest common divisor of 34 and 3434?
34
Calculate the greatest common divisor of 153 and 171.
9
Calculate the greatest common divisor of 990 and 2530.
110
What is the greatest common divisor of 9 and 243?
9
What is the greatest common factor of 2 and 266?
2
Calculate the highest common factor of 95 and 380.
95
What is the greatest common factor of 38445 and 233?
233
Calculate the highest common divisor of 16960 and 64.
64
Calculate the highest common factor of 99 and 261.
9
Calculate the highest common divisor of 18 and 27.
9
Calculate the greatest common factor of 6612 and 870.
174
Calculate the highest common factor of 30 and 84.
6
Calculate the greatest common divisor of 51 and 1.
1
Calculate the highest common factor of 117 and 3419.
13
What is the greatest common factor of 25 and 40175?
25
Calculate the highest common divisor of 99 and 1557.
9
Calculate the highest common factor of 15 and 155.
5
Calculate the highest common factor of 1841 and 112.
7
Calculate the highest common divisor of 189 and 14.
7
What is the greatest common divisor of 632 and 24?
8
What is the highest common factor of 492 and 60?
12
What is the greatest common divisor of 32 and 30944?
32
What is the highest common factor of 1212 and 7474?
202
What is the greatest common divisor of 2697 and 744?
93
What is the greatest common factor of 22 and 220?
22
Calculate the greatest common factor of 5 and 190.
5
Calculate the greatest common factor of 13 and 45253.
13
What is the greatest common divisor of 399 and 21?
21
What is the greatest common divisor of 560 and 1050?
70
Calculate the greatest common factor of 21270 and 30.
30
What is the greatest common divisor of 100 and 550?
50
Calculate the greatest common divisor of 35 and 448.
7
Calculate the greatest common factor of 25662 and 1410.
282
What is the greatest common divisor of 4809 and 168?
21
Calculate the greatest common divisor of 286 and 66.
22
Calculate the highest common factor of 14 and 20314.
14
Calculate the highest common divisor of 92 and 276.
92
Calculate the greatest common factor of 484 and 4532.
44
What is the greatest common factor of 464 and 1276?
116
Calculate the highest common factor of 15 and 2985.
15
Calculate the highest common divisor of 1064 and 184.
8
Calculate the highest common divisor of 640 and 64.
64
Calculate the highest common divisor of 236 and 2596.
236
Calculate the highest common divisor of 374 and 238.
34
What is the highest common divisor of 1363 and 1?
1
What is the highest common factor of 8 and 296?
8
What is the greatest common factor of 63275 and 50?
25
What is the highest common factor of 377 and 551?
29
Calculate the greatest common divisor of 1073 and 37.
37
Calculate the greatest common factor of 66 and 2706.
66
Calculate the greatest common factor of 2 and 1438.
2
Calculate the highest common divisor of 266 and 14.
14
What is the highest common divisor of 18559 and 554?
277
What is the highest common divisor of 1615 and 935?
85
Calculate the highest common divisor of 3324 and 264.
12
Calculate the greatest common divisor of 138 and 759.
69
Calculate the greatest common factor of 6 and 951.
3
What is the highest common factor of 8 and 1304?
8
What is the greatest common divisor of 38 and 608?
38
Calculate the greatest common divisor of 27820 and 260.
260
Calculate the highest common factor of 132 and 48.
12
What is the greatest common divisor of 4 and 128?
4
What is the greatest common divisor of 165 and 15?
15
What is the greatest common factor of 1131 and 39?
39
Calculate the greatest common divisor of 3450 and 375.
75
Calculate the highest common factor of 111 and 888.
111
What is the greatest common factor of 11 and 2563?
11
Calculate the highest common factor of 36220 and 40.
20
Calculate the greatest common divisor of 210 and 810.
30
What is the highest common factor of 7093 and 41?
41
What is the greatest common factor of 112 and 504?
56
Calculate the greatest common factor of 1620 and 1020.
60
Calculate the highest common divisor of 82 and 2829.
41
What is the greatest common factor of 102 and 578?
34
Calculate the greatest common divisor of 29 and 464.
29
What is the greatest common factor of 9 and 234?
9
What is the greatest common divisor of 10 and 1320?
10
Calculate the greatest common factor of 2613 and 39.
39
Calculate the greatest common divisor of 215 and 19909.
43
What is the highest common factor of 3552 and 192?
96
Calculate the highest common divisor of 780 and 468.
156
Calculate the greatest common factor of 270 and 756.
54
Calculate the highest common factor of 12 and 9.
3
Calculate the highest common factor of 63 and 4032.
63
Calculate the highest common factor of 588 and 2520.
84
What is the greatest common factor of 22 and 451?
11
What is the greatest common factor of 30 and 44325?
15
What is the highest common factor of 60 and 555?
15
Calculate the highest common divisor of 12 and 17358.
6
What is the greatest common factor of 30 and 294?
6
Calculate the highest common factor of 110 and 176.
22
Calculate the greatest common factor of 261 and 312.
3
What is the greatest common factor of 777 and 12?
3
Calculate the highest common divisor of 2768 and 865.
173
What is the highest common divisor of 35 and 15715?
35
What is the greatest common factor of 156 and 384?
12
What is the highest common divisor of 2776 and 40?
8
What is the greatest common divisor of 990 and 165?
165
Calculate the highest common divisor of 56 and 182.
14
Calculate the highest common divisor of 144 and 2520.
72
What is the greatest common divisor of 672 and 357?
21
Calculate the highest common factor of 234 and 754.
26
Calculate the highest common factor of 36 and 1242.
18
Calculate the highest common divisor of 378 and 168.
42
What is the highest common divisor of 425 and 25?
25
What is the greatest common factor of 7381 and 363?
121
Calculate the highest common factor of 33219 and 9.
9
What is the highest common divisor of 54 and 42?
6
Calculate the greatest common divisor of 4266 and 81.
27
What is the highest common factor of 15 and 107655?
15
Calculate the highest common divisor of 56 and 2632.
56
What is the greatest common factor of 31 and 1?
1
Calculate the greatest common divisor of 12 and 876.
12
What is the greatest common factor of 920 and 240?
40
Calculate the greatest common factor of 340 and 289.
17
What is the greatest common factor of 2015 and 65?
65
What is the greatest common divisor of 1752 and 2482?
146
Calculate the greatest common factor of 39 and 216.
3
Calculate the greatest common divisor of 18078 and 138.
138
What is the highest common factor of 272 and 1139?
17
What is the greatest common factor of 12 and 1236?
12
Calculate the highest common factor of 17 and 289.
17
What is the highest common divisor of 266 and 28?
14
Calculate the greatest common divisor of 39 and 793.
13
Calculate the highest common factor of 136 and 1088.
136
What is the highest common divisor of 264 and 14880?
24
What is the highest common divisor of 20758 and 214?
214
What is the highest common divisor of 4606 and 98?
98
What is the highest common divisor of 1405 and 2248?
281
Calculate the highest common divisor of 22 and 341.
11
What is the greatest common factor of 1513 and 1335?
89
What is the highest common divisor of 675 and 150?
75
What is the greatest common factor of 17 and 153?
17
Wh